{"id":5,"date":"2013-01-21T18:30:42","date_gmt":"2013-01-21T18:30:42","guid":{"rendered":"http:\/\/www.happykids.co.at\/site\/?page_id=5"},"modified":"2024-01-22T20:38:19","modified_gmt":"2024-01-22T19:38:19","slug":"home","status":"publish","type":"page","link":"https:\/\/www.happykids.co.at\/site\/","title":{"rendered":"Home"},"content":{"rendered":"<p style=\"text-align: center;\"><span style=\"color: #00ccff;\">&#8222;<strong><em>Ich kann und will es alleine tun. Hab Geduld meine Wege zu begreifen !<\/em><\/strong>&#8220;&nbsp; <\/span><\/p>\n<p style=\"text-align: center;\"><span style=\"color: #00ccff;\"><strong>(Maria Montessori<\/strong>)<\/span><\/p>\n<table style=\"height: 221px;\" width=\"517\">\n<tbody>\n<tr>\n<td>\n<p style=\"text-align: center;\"><a href=\"http:\/\/www.happykids.co.at\/site\/wp-content\/uploads\/10410867_633946936707021_4370726946106529618_n1.jpg\" rel=\"lightbox[5]\"><img decoding=\"async\" loading=\"lazy\" class=\"alignnone size-medium wp-image-406\" src=\"http:\/\/www.happykids.co.at\/site\/wp-content\/uploads\/10410867_633946936707021_4370726946106529618_n1-300x169.jpg\" alt=\"10410867_633946936707021_4370726946106529618_n\" width=\"300\" height=\"169\" srcset=\"https:\/\/www.happykids.co.at\/site\/wp-content\/uploads\/10410867_633946936707021_4370726946106529618_n1-300x169.jpg 300w, https:\/\/www.happykids.co.at\/site\/wp-content\/uploads\/10410867_633946936707021_4370726946106529618_n1.jpg 960w\" sizes=\"(max-width: 300px) 100vw, 300px\" \/><\/a><\/p>\n<\/td>\n<td valign=\"middle\">\n<h5 style=\"text-align: left;\"><span style=\"color: #ff0000;\">&nbsp;<\/span><\/h5>\n<h3 style=\"text-align: left;\"><span style=\"color: #ff0000;\"><span style=\"color: #0000ff;\"><strong>1 Platz frei <\/strong><\/span><br \/>\n<\/span><\/h3>\n<h5 style=\"text-align: left;\"><span style=\"color: #ff0000;\">&nbsp;<\/span><\/h5>\n<h5 style=\"text-align: left;\">&nbsp;<\/h5>\n<p><span style=\"color: #008000;\">&nbsp;<\/span><\/td>\n<\/tr>\n<\/tbody>\n<\/table>\n<h5 style=\"text-align: center;\"><span style=\"color: #000000;\">&nbsp;<em>Herzlich Wilkommen bei der Montessori Kinderbetreuungseinrichtung &#8222;Happy Kids Bilingual Kindergruppe!&#8220;<\/em><\/span><\/h5>\n<h6><a href=\"http:\/\/www.happykids.co.at\/site\/wp-content\/uploads\/11133809_633942310040817_806284998105377981_n.jpg\" rel=\"lightbox[5]\"><img decoding=\"async\" loading=\"lazy\" class=\"  wp-image-322 alignleft\" src=\"http:\/\/www.happykids.co.at\/site\/wp-content\/uploads\/11133809_633942310040817_806284998105377981_n-180x300.jpg\" alt=\"11133809_633942310040817_806284998105377981_n\" width=\"91\" height=\"151\" srcset=\"https:\/\/www.happykids.co.at\/site\/wp-content\/uploads\/11133809_633942310040817_806284998105377981_n-180x300.jpg 180w, https:\/\/www.happykids.co.at\/site\/wp-content\/uploads\/11133809_633942310040817_806284998105377981_n.jpg 579w\" sizes=\"(max-width: 91px) 100vw, 91px\" \/><\/a> <span style=\"color: #000000;\"><em>Hallo, Ich bin Frances Alvarez, zweifache Mutter und stamme aus den Philippinen, wodurch ich neben Deutsch auch Tagalog und Englisch spreche. Das kommt mir in meiner momentanen T\u00e4tigkeit als Leiterin der Kindergruppe \u201eHappyKids\u201c in Wien sehr zugute \u2013 dort bin ich n\u00e4mlich f\u00fcr Englisch zust\u00e4ndig. <\/em><\/span><\/h6>\n<h6><span style=\"color: #000000;\"><em>Schon mein ganzes Leben lang konnte ich das tun, was mir gro\u00dfe Freude macht \u2013 f\u00fcr Kinder da zu sein. <\/em><\/span><\/h6>\n<h6><span style=\"color: #000000;\"><em>Ich bin diplomierte Montessori P\u00e4dagogin mit Schwerpunkt -Early Childhood-, diplomierte Hebamme und ausgebildete Tagesmutter und habe viel&nbsp; Erfahrung in der Kinderbetreuung gesammelt \u2013 neben Wien auch in Hong Kong und Singapur.<\/em><\/span><\/h6>\n<h6 style=\"text-align: center;\"><span style=\"color: #000000;\"><em>Im Juni 2013 haben wir unsere&nbsp; Kinderbetreuungseinrichtung im 15. Bezirk mit dem Ziel gegr\u00fcndet, Kinder bestm\u00f6glich in ihrer Entwicklung zu f\u00f6rdern.<\/em><\/span><\/h6>\n<h6 style=\"text-align: center;\"><span style=\"color: #000000;\"><em>Das erreichen wir durch Anwendung der Prinzipien der Montessori P\u00e4dagogik und anderen Entwicklungs-p\u00e4dagogischen Ans\u00e4tzen.<\/em><\/span><\/h6>\n<h6 style=\"text-align: center;\"><span style=\"color: #000000;\"><em>Dass uns das hervorragend gelingt, best\u00e4tigen nicht nur die begeisterten Kinder, sondern auch die vielen gl\u00fccklichen Eltern.<\/em><\/span><\/h6>\n<h6 style=\"text-align: center;\"><span style=\"color: #000000;\"><em>Durch das Sprechen von zwei Sprachen (Deutsch und Englisch) wird bei uns die Kreativit\u00e4t und Flexibilit\u00e4t der Kinder gef\u00f6rdert.<\/em><\/span><\/h6>\n<h6 style=\"text-align: center;\"><span style=\"color: #000000;\"><em>Kommen Sie vorbei und \u00fcberzeugen Sie sich selbst!<\/em><\/span><\/h6>\n<h6 style=\"text-align: center;\">&nbsp;<\/h6>\n<h6 style=\"text-align: center;\">&nbsp;<\/h6>\n<h6 style=\"text-align: center;\"><span style=\"color: #00ccff;\"><em>,,Lehre dein Kind den richtigen Weg zu w\u00e4hlen, und wenn es \u00e4lter ist, wird es auf diesem Weg bleiben.&#8220;&nbsp; (Spr\u00fcche 22:6)<br \/>\n<\/em><\/span><\/h6>\n<p style=\"text-align: center;\"><span style=\"color: #000000;\"><strong>Montessori Kinderbetreuungseinrichtung<\/strong><\/span><br \/>\n<span style=\"color: #000000;\"> <strong>&nbsp;&nbsp;&nbsp; Happy Kids Bilingual Kindergruppe<\/strong><\/span><\/p>\n","protected":false},"excerpt":{"rendered":"<p>&#8222;Ich kann und will es alleine tun. Hab Geduld meine Wege zu begreifen !&#8220;&nbsp; (Maria Montessori) &nbsp; 1 Platz frei &nbsp; &nbsp; &nbsp; &nbsp;Herzlich Wilkommen bei der Montessori Kinderbetreuungseinrichtung &#8222;Happy Kids Bilingual Kindergruppe!&#8220; Hallo, Ich bin Frances Alvarez, zweifache Mutter und stamme aus den Philippinen, wodurch ich neben Deutsch auch Tagalog und Englisch spreche. Das [&hellip;]<\/p>\n","protected":false},"author":1,"featured_media":0,"parent":0,"menu_order":0,"comment_status":"open","ping_status":"closed","template":"","meta":{"ngg_post_thumbnail":0},"_links":{"self":[{"href":"https:\/\/www.happykids.co.at\/site\/wp-json\/wp\/v2\/pages\/5"}],"collection":[{"href":"https:\/\/www.happykids.co.at\/site\/wp-json\/wp\/v2\/pages"}],"about":[{"href":"https:\/\/www.happykids.co.at\/site\/wp-json\/wp\/v2\/types\/page"}],"author":[{"embeddable":true,"href":"https:\/\/www.happykids.co.at\/site\/wp-json\/wp\/v2\/users\/1"}],"replies":[{"embeddable":true,"href":"https:\/\/www.happykids.co.at\/site\/wp-json\/wp\/v2\/comments?post=5"}],"version-history":[{"count":70,"href":"https:\/\/www.happykids.co.at\/site\/wp-json\/wp\/v2\/pages\/5\/revisions"}],"predecessor-version":[{"id":726,"href":"https:\/\/www.happykids.co.at\/site\/wp-json\/wp\/v2\/pages\/5\/revisions\/726"}],"wp:attachment":[{"href":"https:\/\/www.happykids.co.at\/site\/wp-json\/wp\/v2\/media?parent=5"}],"curies":[{"name":"wp","href":"https:\/\/api.w.org\/{rel}","templated":true}]}}